b = -171*y - 55, 2*y - b + 3 = 0. Calculate r(y).
-22
Suppose -6*p = -2*p. Let m(x) be the second derivative of -8*x**2 + 1/12*x**4 + 0 + 3*x + 0*x**3. What is m(p)?
-16
Let q(r) be the third derivative of -1/6*r**3 + 4 + 0*r**4 + 2*r**2 - 7/30*r**5 + 0*r. Determine q(1).
-15
Let f(j) = 4*j**2 + 84*j + 7 + j**3 - 4 - 88*j. Let n be f(4). Let c = 111 - n. Let u(w) = -w**3 - 3*w**2 + 2*w - 4. Give u(c).
4
Suppose 5*n + 14 = 3*w + 97, 2*w = -3*n + 46. Let q(x) be the first derivative of x**2/2 - 15*x - 1163. Give q(n).
1
Suppose 3*p - p + 3*r + 21 = 0, -p + r = -7. Let h(x) be the third derivative of -24*x**2 + 0*x - 1/10*x**5 + p*x**4 - x**3 + 1/120*x**6 + 0. Calculate h(6).
-6
Let x be (0 + 4)/((-4)/(-4)). Let c(o) = -6*o - 3. Let p(s) = -s. Let k(v) = -5*v - 3. Let g(u) = -k(u) - 2*p(u). Let t(l) = -6*c(l) - 5*g(l). Determine t(x).
7
Let a(y) = -11*y**3 - 4*y**2 + 4*y - 3. Let p(g) = -220*g + 2862. Let f be p(13). Give a(f).
-99
Let a(q) = -q**3 - 7*q**2 + 27*q + 2. Let v(t) = -5*t**3 - 37*t**2 + 150*t + 10. Let o(u) = 11*a(u) - 2*v(u). What is o(-3)?
11
Let v(p) be the second derivative of p**5/20 + p**3/6 - 7*p**2/2 - 3*p + 36. Suppose -a + 2 = -h + 5, 3*h = 2*a + 6. Give v(h).
-7
Let n(v) = v**2 + 17*v + 23. Suppose -44*p + 36*p - 825 = 47*p. Determine n(p).
-7
Suppose -w = 4*y - 12 + 22, -4*w + 2 = 2*y. Let s(k) be the third derivative of k**6/120 + k**5/20 - k**4/6 - k**3/3 - 2*k**2. Calculate s(y).
10
Let r(a) = -a**3 - 3*a**2 - 2*a - 2. Let g = -12 + 15. Suppose -2*k + 7 = z, -2*z = -g*k + 1 + 20. Calculate r(z).
4
Let w(z) = -z**2 + 9 - 18*z + z**3 + 4*z**2 + 11*z**2 - 37*z + 41*z. Give w(-15).
-6
Let u = -2122 + 2124. Suppose -o = -3*o + 4. Suppose 5*q = u*q - 2*w, -o*w + 4 = q. Let a(j) = j**2 - j - 1. What is a(q)?
5
Let j(t) = -6*t. Let u be ((-2)/(-5))/((-214)/2675). What is j(u)?
30
Let i(z) = 2*z. Let u(j) = -5*j + 1. Let q(g) = i(g) + u(g). Suppose 2792*d - 2789*d = 0. Calculate q(d).
1
Let u(j) be the first derivative of -1 + 11*j - 1/2*j**2. Let f(s) = -172*s + 350. Let o be f(2). Calculate u(o).
5
Let d(q) be the second derivative of -1/12*q**4 + 4*q**2 - 2/3*q**3 - 12*q + 0. Suppose 2*p + 6 = p. Determine d(p).
-4
Let u(l) = 7*l**2 + 26*l - 39. Let m(r) = -11*r**2 - 38*r + 74. Let d(q) = -5*m(q) - 8*u(q). Determine d(-17).
-41
Let b(g) be the first derivative of -g**2/2 + g + 1. Suppose -39*r - 1074 = -397*r. Determine b(r).
-2
Let g(a) = a**2 - 7*a - 2. Suppose -2*t + 29 = -d, 2*t + 3*d - 7 = 10. Suppose u = -3*l + t, 0*l + 4*l + 3*u - 9 = 0. Suppose -l*j + 40 + 2 = 0. Give g(j).
-2
Let p(i) = 4*i**2 + 47*i. Let t(x) = 3*x**2 + 32*x. Let o(z) = 10*p(z) - 14*t(z). Give o(11).
0
Let v = -17024 + 37436. Let l(o) = -21 + o**2 + v*o - 20412*o - o**3. Calculate l(0).
-21
Let o = 315 + -312. Let k(w) = w**3 - 4*w - 2*w**3 - 2 + w**3 + 1 + w**3 - o*w**2. Suppose 0*f = -f + 4. Calculate k(f).
-1
Suppose 8*u - 86 = -54. Let m(j) = 25*j - 7. What is m(u)?
93
Let b(a) = 3*a - 10. Let l be b(6). Suppose h - l*h = 28. Let p(y) = y**2 + 2*y - 5. What is p(h)?
3
Let h = 196 + -193. Let q(z) = 3*z - 1 - 3*z**2 + 0*z + z. Determine q(h).
-16
Let x(h) be the first derivative of 3*h**2/2 + 2*h - 662. Let a(v) = 4*v - 22. Let y be a(6). Give x(y).
8
Suppose 0 = 6*p - 4*p - b - 6, -4*p + 24 = b. Let f be (6/10)/(1/p). Let t(c) be the first derivative of c**3/3 - 4*c - 45. Calculate t(f).
5
Let v(o) be the second derivative of -16*o**3/3 - 51*o**2 - o - 40. Give v(-3).
-6
Let v(n) = n - 13. Suppose -g - 15*x = -18*x - 18, -104 = -4*g + 4*x. Suppose z - 38 = -g. Determine v(z).
-5
Let f(z) = 373 + 455*z + 121 - 442*z. Determine f(-38).
0
Let w be -14 + (-3 - -5) + (-144)/72. Let z(t) = -2*t**2 - 23*t + 15. Give z(w).
-55
Let c(f) = -99*f + 5745. Let y be c(58). Let m(a) be the second derivative of a**y - 1/2*a**2 + 0 + 17*a. Calculate m(-1).
-7
Let u = 40 + -37. Let r(w) = w**u - 15 + 14*w + 3*w**2 - 7*w + 21 + 5*w**2. Determine r(-7).
6
Suppose 6*i + 32 = 44. Let f(c) = -2*c**2 - 2*c + 2. Let j(r) = r**3 + r**2 - r - 1. Suppose 2*p - 3 = -1. Let s(x) = p*f(x) + j(x). Give s(i).
-1
Suppose 13 + 37 = 5*d. Let p(o) be the second derivative of o**3/6 - 13*o**2/2 + 6*o - 10. Calculate p(d).
-3
Let u(z) = 9*z + 1. Let x(k) = k**3 - 24*k**2 + 18*k + 116. Let f be 6*(2 + -1)*(-46)/(-12). Let w be x(f). Calculate u(w).
10
Suppose -3*m = v - 15, -4*v + m + 22 = -51. Let b(u) = -6*u + 94. What is b(v)?
-14
Let m(c) = 9*c + 5. Let l be (-16)/(-2) - 25/5. Let z(v) = 7*v + 2. Let f(n) = l*z(n) - 2*m(n). Suppose -3*w - w + 12 = 0. Calculate f(w).
5
Let m(s) = -s**3 + 8*s**2 + 14*s + 33. Let t(z) = z**3 - 21*z**2 - 28*z - 63. Let i(w) = 5*m(w) + 3*t(w). Determine i(-11).
9
Let j(x) = 10*x - 5. Let m(i) = 4*i - 3. Let l(c) = 2*j(c) - 3*m(c). Let n be (1 + 1)*(-3)/(-6). What is l(n)?
7
Let a(u) = u**3 + 12*u**2 - u - 3. Suppose 8*n + 3*s + 7 = 7*n, 2*s = 2*n - 2. Let d(f) = -f. Let y(h) = n*a(h) + d(h). What is y(-12)?
3
Suppose -a = -1, -4*a = 2*n + 219 - 207. Let h(l) be the first derivative of -l**2 - 9*l - 4. Give h(n).
7
Let p(c) = -5*c - 28. Let v be p(-6). Let q be (30/(-5))/(v - 1). Let y(b) = b**2 + 6*b - 8. What is y(q)?
-8
Let y(g) = -g**3 - g**2 - 2*g + 9. Let x = 250 + -246. Suppose 0 = j + 12 - 16, x = -3*z + j. Calculate y(z).
9
Let z(m) be the first derivative of 11/2*m**2 + 0*m - 5/3*m**3 + 20 - 1/24*m**4. Let i(f) be the second derivative of z(f). Give i(-5).
-5
Let f(b) be the second derivative of b**4/12 - 14*b**3/3 + 47*b**2/2 + 9582*b. Give f(26).
-5
Suppose -2*n + 4*z = -60, -192 = -5*n + 2*z - 6*z. Let r(h) = 17*h**2 - h + 18*h**2 - 1 - n*h**2. Calculate r(-1).
-1
Suppose 30 = 130*c + 127*c - 247*c. Let d(t) = -29*t - 8. Calculate d(c).
-95
Let w(i) = -653*i - 15. Let o(g) = -109*g - 2. Let k(j) = -6*o(j) + w(j). Let l(v) = -v - 5. Let r be l(-5). Suppose 0*b - 3*b - 21 = r. Give k(b).
-10
Let c(q) = -q + 8. Suppose 4*p - 12 = 4*m, -2*p + 1 = -m - 2. Suppose -5*o + b = -0*o - 40, 4*b + 20 = p. Suppose 0 = o*u - 62 + 20. Calculate c(u).
2
Let k(z) = 12*z**2 - z - 5. Let g be k(-2). Suppose g = -5*m + 75. Let o(n) = 2*n**3 + 5*n + 0*n**3 - n**3 + 0*n**3 - 7*n**2. Determine o(m).
-6
Let c be 3*2/(-4)*(-730)/15. Suppose -c*r - 48 = -77*r. Suppose -5*v = -7*v + r. Let l(p) = p**3 - 6*p**2 - 4*p + 5. Determine l(v).
-19
Let b be 2/((-893)/95 - -9). Let i(u) = -3*u**3 - 15*u**2 - 6*u - 8. Determine i(b).
22
Let g be (-161)/28 + 6 + (-14)/(-8). Let c(y) = -3*y + 3*y + y**3 + 1 + y. Give c(g).
11
Let x(d) = -6*d + 199. Suppose 48*j = 73 + 359 + 1200. Calculate x(j).
-5
Let c = 387 - 354. Let v(s) = c*s - 14*s - 10*s - 11*s. Let x be 5/(-4) + 1/4. Calculate v(x).
2
Let d be (-6)/27*(-54)/12*-6. Let b(q) = -5*q - 1. Let p(j) = 4*j + 1. Let l(n) = -5*b(n) - 6*p(n). Give l(d).
-7
Suppose 23*w - 267 = 32. Let l(b) = -b**3 + 5*b**2 + 6 + 2*b - w + 12. Calculate l(5).
15
Let g(c) be the first derivative of -2*c**2 - 16*c + 1540. Give g(-4).
0
Let y(t) = -t**2 - 10*t. Let s be y(-8). Suppose 0 = 11*i - 17 - s. Let a(d) = 7*d**2 + 15*d + 2 - 11*d - 2*d - d**i - 10*d. What is a(6)?
-10
Let c(u) = 27*u + 138. Let a(h) = -58*h - 275. Let q(b) = 4*a(b) + 9*c(b). What is q(-13)?
-1
Let z(q) be the second derivative of 5*q**3/6 + 13*q**2/2 + 11921*q. Give z(-3).
-2
Suppose 6*p - 137 = 127. Suppose -40 = 4*k - p. Let h(f) = 1 - 2*f + f + f**3 - 7*f**3. What is h(k)?
-6
Let y(t) be the first derivative of -t**4/4 + 17*t**3/3 - 3*t**2/2 + 35*t + 611. Give y(17).
-16
Suppose 0 = -319*r + 323*r + d - 132, 0 = -r + 5*d + 33. Let o(c) be the second derivative of -1/6*c**3 - r*c + 0 + 0*c**2. Calculate o(-1).
1
Let s(i) = 29*i**2 + 336*i - 35. Let w(q) = -6*q**2 - 72*q + 7. Let d(m) = 4*s(m) + 19*w(m). Calculate d(0).
-7
Let d(g) = -7*g - 5. Let k(b) = 2*b - 1. Let o(z) = -d(z) + 5*k(z). What is o(0)?
0
Let y = 553 - 973. Let m be 2/15 - y/225. Let s(k) = -14*k + 2. What is s(m)?
-26
Let u be (-4 - 34/(-6))/((-5)/(-18)*2). Let y(d) = -3*d**2 - 2*d. Determine y(u).
-33
Let b(u) = u**2 + 21*u - 12. Suppose -99*m + 95*m - 99 = -5*c, 2*c + 15 = -m. Calculate b(m).
-12
Let c(y) = y**2 + 4. Let t(b) = 36*b - 614. Let o be t(17). Give c(o).
8
Let f be (-10)/14 + 1 - (-24)/14. Let s(r) = 2*r - 6*r + 0 - f + 7 + r. Calculate s(-7).
26
Let l(c) = -c - 6. Let a(t) = 159*t + 23